t common factor of 144 and 14272.
16
Calculate the highest common divisor of 620 and 1990665.
155
What is the greatest common factor of 200889 and 119?
17
What is the greatest common divisor of 429 and 109369?
13
What is the highest common factor of 3984 and 648?
24
What is the highest common factor of 266 and 839097?
133
What is the greatest common divisor of 196157 and 573?
191
What is the highest common divisor of 904757 and 1190?
119
What is the greatest common factor of 3956 and 53707?
43
What is the highest common factor of 24 and 288036?
12
What is the highest common factor of 25574 and 209?
19
Calculate the highest common divisor of 14 and 14749.
7
What is the highest common factor of 10087 and 234752?
917
Calculate the highest common factor of 2157402 and 34.
34
Calculate the greatest common factor of 7128 and 56.
8
What is the highest common factor of 190 and 17594?
38
What is the greatest common factor of 13509 and 684?
171
Calculate the highest common factor of 27992 and 8.
8
What is the greatest common factor of 304 and 3888?
16
Calculate the greatest common factor of 173344 and 32.
32
What is the greatest common divisor of 776 and 106409?
97
What is the highest common divisor of 6624 and 4048?
368
What is the highest common divisor of 2268 and 18718?
14
What is the greatest common divisor of 6157 and 4371?
47
Calculate the greatest common divisor of 696 and 20506248.
696
Calculate the highest common factor of 154 and 16225.
11
Calculate the greatest common divisor of 41582 and 612.
34
Calculate the highest common divisor of 69600 and 175.
25
What is the highest common factor of 691160 and 20?
20
What is the highest common divisor of 858 and 364806?
78
Calculate the greatest common factor of 380840 and 600.
40
What is the greatest common factor of 712306 and 2324?
1162
What is the highest common divisor of 8 and 9266?
2
What is the greatest common divisor of 5098 and 12?
2
Calculate the greatest common divisor of 196 and 1722.
14
Calculate the greatest common factor of 148 and 7916.
4
Calculate the highest common factor of 1834070 and 570.
190
What is the greatest common factor of 4446 and 6402?
6
Calculate the highest common factor of 2104 and 328.
8
Calculate the greatest common divisor of 350 and 833.
7
What is the highest common divisor of 36 and 614?
2
Calculate the greatest common factor of 588 and 9303.
21
What is the highest common factor of 9430 and 506?
46
Calculate the greatest common factor of 8 and 536.
8
Calculate the greatest common divisor of 8957 and 4293.
53
Calculate the greatest common factor of 31671 and 6120.
153
Calculate the greatest common factor of 1099039 and 317.
317
What is the greatest common divisor of 188 and 5546?
94
Calculate the highest common divisor of 753815 and 535.
535
Calculate the greatest common factor of 33 and 345108.
3
What is the highest common divisor of 232268 and 4?
4
What is the highest common factor of 26256 and 336?
48
What is the highest common factor of 3375815 and 5?
5
What is the greatest common factor of 2052546 and 102?
102
Calculate the greatest common divisor of 102765 and 186.
93
Calculate the highest common divisor of 572 and 10894.
26
Calculate the greatest common factor of 297969 and 1764.
147
Calculate the greatest common factor of 2750 and 5690.
10
Calculate the greatest common divisor of 21408 and 30.
6
Calculate the greatest common factor of 245 and 384650.
245
What is the greatest common factor of 27804 and 84?
84
Calculate the highest common factor of 1293 and 471514.
431
What is the highest common divisor of 124444 and 1060?
212
Calculate the greatest common divisor of 2805 and 3264.
51
Calculate the greatest common factor of 328 and 151372.
164
Calculate the greatest common factor of 2944 and 68080.
368
Calculate the greatest common divisor of 1296 and 400.
16
Calculate the greatest common divisor of 743765 and 165.
55
Calculate the highest common divisor of 33 and 901351.
11
Calculate the highest common factor of 3514 and 112.
14
Calculate the greatest common divisor of 23506 and 1449.
161
Calculate the highest common divisor of 3238 and 18.
2
What is the highest common factor of 13203 and 10921?
163
What is the greatest common factor of 87625 and 40?
5
What is the greatest common factor of 4 and 79?
1
Calculate the highest common factor of 2958009 and 633.
633
What is the highest common factor of 43288 and 168?
56
Calculate the highest common factor of 97481 and 430.
43
Calculate the greatest common factor of 55 and 352187.
11
What is the greatest common factor of 299 and 139204?
13
What is the highest common divisor of 364 and 83580?
28
What is the greatest common factor of 32138 and 16?
2
What is the highest common factor of 840 and 118860?
420
What is the greatest common factor of 675 and 21870?
135
What is the highest common divisor of 361593 and 9?
9
What is the greatest common divisor of 319493 and 1679?
23
What is the highest common divisor of 103937 and 69?
23
What is the highest common divisor of 5074 and 86?
86
Calculate the highest common divisor of 140 and 28154.
14
Calculate the highest common factor of 267852 and 260.
52
Calculate the highest common divisor of 5712 and 20434.
34
What is the greatest common divisor of 70 and 6340?
10
Calculate the greatest common divisor of 2827 and 1023.
11
What is the greatest common divisor of 304 and 65398?
38
Calculate the highest common divisor of 130 and 316620.
10
Calculate the highest common factor of 74947 and 149.
149
Calculate the highest common factor of 3978 and 222326.
442
Calculate the highest common divisor of 33 and 34793.
11
Calculate the highest common divisor of 12868 and 548.
4
What is the greatest common divisor of 148672 and 320?
64
Calculate the highest common factor of 816 and 1492464.
816
What is the greatest common divisor of 140 and 348320?
140
Calculate the highest common divisor of 476784 and 672.
336
Calculate the greatest common divisor of 223024 and 9964.
212
Calculate the highest common factor of 24 and 658968.
24
What is the greatest common divisor of 10260 and 144020?
380
What is the highest common factor of 76476 and 36?
12
What is the greatest common factor of 37824 and 12864?
192
What is the greatest common divisor of 649625 and 125?
125
Calculate the greatest common divisor of 10978 and 66.
22
What is the greatest common factor of 752 and 2662832?
752
Calculate the greatest common divisor of 890597 and 2.
1
What is the greatest common factor of 5328 and 148592?
592
Calculate the greatest common factor of 459090 and 420.
30
Calculate the greatest common divisor of 792 and 183096.
72
What is the greatest common factor of 11817 and 975?
39
Calculate the highest common divisor of 252 and 227556.
252
What is the greatest common divisor of 11 and 1691998?
11
Calculate the highest common factor of 34 and 39287.
17
What is the highest common divisor of 238 and 14246?
34
What is the greatest common factor of 174 and 87180?
6
What is the greatest common factor of 22 and 1176868?
22
Calculate the greatest common divisor of 60 and 47860.
20
What is the greatest common divisor of 78668 and 1420?
284
What is the greatest common factor of 5058 and 469270?
562
What is the greatest common divisor of 84050 and 225?
25
Calculate the greatest common divisor of 4420 and 86424.
52
Calculate the greatest common factor of 36143 and 1222.
47
What is the greatest common factor of 9996696 and 648?
648
What is the highest common divisor of 6070 and 25?
5
Calculate the greatest common factor of 27977 and 554.
277
What is the highest common divisor of 68916 and 12?
12
Calculate the greatest common factor of 26467916 and 1028.
1028
What is the greatest common divisor of 1818 and 29694?
606
Calculate the highest common divisor of 165217 and 213.
71
What is the greatest common divisor of 129805 and 195?
65
What is the highest common divisor of 260600 and 6200?
200
What is the highest common divisor of 68953 and 1007?
53
Calculate the greatest common divisor of 1298 and 297.
11
What is the highest common factor of 731 and 34?
17
What is the highest common factor of 687 and 3366?
3
Calculate the greatest common factor of 6420 and 4030690.
1070
What is the greatest common divisor of 2184 and 936?
312
